3 a composite number?
False
Is 14901 prime?
False
Is 111 prime?
False
Is 20533 a prime number?
True
Is 109511 a composite number?
True
Is 604597 a composite number?
True
Is 32117 a composite number?
False
Is 10779 a prime number?
False
Is 713579 a prime number?
False
Is 12347 a prime number?
True
Is 88883 composite?
False
Is 1657 prime?
True
Is 7393 composite?
False
Is 359643 a prime number?
False
Is 41719 a prime number?
True
Is 90053 prime?
True
Is 168427 a prime number?
False
Is 370373 prime?
True
Is 112031 prime?
True
Is 11903 a composite number?
False
Is 105911 a composite number?
True
Is 10937 prime?
True
Is 41801 prime?
True
Is 49673 prime?
False
Is 7307 composite?
False
Is 46619 a prime number?
True
Is 236947 a prime number?
True
Is 1049 a composite number?
False
Is 16495 prime?
False
Is 962611 prime?
False
Is 47983 a prime number?
False
Is 125863 composite?
False
Is 22051 a composite number?
False
Is 24359 a prime number?
True
Is 460865 a prime number?
False
Is 1361 prime?
True
Is 6313 a prime number?
False
Is 1543 a prime number?
True
Is 12401 a prime number?
True
Is 75149 a composite number?
False
Is 252607 a composite number?
False
Is 148765 a prime number?
False
Is 42683 a composite number?
False
Is 77151 composite?
True
Is 438937 a prime number?
True
Is 35393 a prime number?
True
Is 25154 prime?
False
Is 698461 a prime number?
False
Is 4481 a composite number?
False
Is 141397 a composite number?
False
Is 22163 a composite number?
True
Is 853 composite?
False
Is 196073 prime?
True
Is 779341 prime?
True
Is 86081 composite?
True
Is 849829 prime?
True
Is 287899 prime?
False
Is 68707 prime?
False
Is 5077 composite?
False
Is 3109 a composite number?
False
Is 395333 a prime number?
False
Is 4711 prime?
False
Is 89717 a composite number?
True
Is 4199389 a prime number?
False
Is 14489 prime?
True
Is 41077 composite?
False
Is 5349 prime?
False
Is 8791 a composite number?
True
Is 21121 a composite number?
False
Is 15157 a prime number?
False
Is 521501 composite?
True
Is 73939 prime?
True
Is 359 prime?
True
Is 142621 a prime number?
False
Is 1403 composite?
True
Is 319 composite?
True
Is 6406 a prime number?
False
Is 401651 a composite number?
False
Is 518153 a prime number?
True
Is 90821 a prime number?
True
Is 4332543 composite?
True
Is 459763 composite?
False
Is 3629 composite?
True
Is 12871 prime?
False
Is 769871 a prime number?
True
Is 2333 prime?
True
Is 928951 prime?
False
Is 463769 a prime number?
False
Is 4897 a prime number?
False
Is 379 a composite number?
False
Is 2844487 a composite number?
True
Is 1761 composite?
True
Is 510569 a prime number?
True
Is 3436385 a prime number?
False
Is 10303 a composite number?
False
Is 102887 prime?
False
Is 2943527 prime?
True
Is 17033 prime?
True
Is 3557503 composite?
True
Is 2747 prime?
False
Is 50791 a prime number?
False
Is 17011 prime?
True
Is 57037 prime?
True
Is 49597 prime?
True
Is 313109 prime?
True
Is 43361 a composite number?
True
Is 654047 a composite number?
False
Is 782297 prime?
True
Is 2017 a prime number?
True
Is 16009 a composite number?
True
Is 971 a prime number?
True
Is 87577 a composite number?
True
Is 166657 prime?
True
Is 713659 a prime number?
False
Is 1313302 composite?
True
Is 531907 prime?
False
Is 353047 prime?
True
Is 2731 prime?
True
Is 254329 prime?
True
Is 290309 composite?
True
Is 32167 composite?
True
Is 221809 composite?
True
Is 104929 a prime number?
False
Is 77523 a prime number?
False
Is 1661237 prime?
True
Is 2659 a composite number?
False
Is 391739 prime?
True
Is 1157 prime?
False
Is 1074949 a composite number?
False
Is 102287 composite?
True
Is 32887 a composite number?
False
Is 15727 composite?
False
Is 120189 prime?
False
Is 320557 a prime number?
False
Is 310379 a composite number?
False
Is 51767 a composite number?
False
Is 41773 composite?
True
Is 2442311 a composite number?
False
Is 506471 composite?
True
Is 188107 prime?
True
Is 52361 a prime number?
True
Is 22681 a prime number?
False
Is 12197 a prime number?
True
Is 647453 a prime number?
True
Is 5645 prime?
False
Is 202697 composite?
True
Is 116026 a composite number?
True
Is 36107 a composite number?
False
Is 252817 a prime number?
True
Is 689201 a prime number?
True
Is 2087627 a prime number?
True
Is 6091835 composite?
True
Is 9967 composite?
False
Is 29789 a prime number?
True
Is 14995 prime?
False
Is 46577 prime?
False
Is 34507 a prime number?
False
Is 76141 composite?
True
Is 2847083 prime?
True
Is 135257 a composite number?
False
Is 1004363 a composite number?
False
Is 2813 composite?
True
Is 19841 a prime number?
True
Is 8741 composite?
False
Is 2753769 a composite number?
True
Is 13309 a prime number?
True
Is 467599 composite?
True
Is 215153 a prime number?
True
Is 244573 composite?
True
Is 2671 composite?
False
Is 212389 a prime number?
False
Is 263023 a prime number?
True
Is 596165 a prime number?
False
Is 33869 prime?
False
Is 39011 a prime number?
False
Is 25271 composite?
True
Is 2063 a composite number?
False
Is 105991 a composite number?
True
Is 11243 a composite number?
False
Is 10831 a composite number?
False
Is 61823 prime?
False
Is 5941 a composite number?
True
Is 41815 prime?
False
Is 1525819 a prime number?
True
Is 11114 a prime number?
False
Is 114991 composite?
True
Is 390079 prime?
False
Is 262187 a composite number?
False
Is 4121 composite?
True
Is 90787 prime?
True
Is 190387 a composite number?
False
Is 157 prime?
True
Is 45947 a prime number?
False
Is 1733897 prime?
False
Is 23701 prime?
False
Is 307 a prime number?
True
Is 733 composite?
False
Is 47041 a prime number?
True
Is 955 a composite number?
True
Is 193189 a composite number?
False
Is 915953 a prime number?
False
Is 15859 prime?
True
Is 8509 composite?
True
Is 313889 a composite number?
False
Is 7613 composite?
True
Is 37039 a composite number?
False
Is 3571 a composite number?
False
Is 7045 a prime number?
False
Is 462041 composite?
False
Is 240769 a composite number?
False
Is 82735 prime?
False
Is 8335 prime?
False
Is 673 composite?
False
Is 85979 a composite number?
True
Is 104795 a prime number?
False
Is 65213 composite?
False
Is 499013 a composite number?
True
Is 223157 composite?
True
Is 32999 prime?
True
Is 17611 a composite number?
True
Is 481 composite?
True
Is 20849 a prime number?
True
Is 16361 a composite number?
False
Is 170701 prime?
True
Is 391019 a composite number?
False
Is 104569 a prime number?
False
Is 136909 a composite number?
True
Is 30211 composite?
False
Is 1030019 a composite number?
False
Is 21929 a composite number?
False
Is 283391 a prime number?
False
Is 113 composite?
False
Is 593962 a composite number?
True
Is 479 a prime number?
True
Is 11369 a prime number?
True
Is 7594979 prime?
False
Is 112121 a composite number?
False
Is 365899 prime?
False
Is 216523 a prime number?
True
Is 8039 composite?
False
Is 20477 a prime number?
True
Is 194767 composite?
False
Is 2360213 a prime number?
False
Is 32561 prime?
True
Is 17059 a composite number?
True
Is 6067 a prime number?
True
Is 514727 a composite number?
True
Is 9601 prime?
True
Is 16129 a prime number?
False
Is 48367 a prime number?
False
Is 487 composite?
False
Is 28537 a composite number?
False
Is 30109 composite?
False
Is 3493 prime?
False
Is 97 a prime number?
True
Is 29471 composite?
True
Is 4853 prime?
False
Is 22205 a prime number?
False
Is 341729 a composite number?
False
Is 2333 a composite number?
False
Is 8661 prime?
False
Is 40253 composite?
False
Is 84902 prime?
False
Is 422911 a prime number?
True
Is 83602 prime?
False
Is 3047989 a composite number?
True
Is 11279 a composite number?
False
Is 1695383 a composite number?
True
Is 19001 a prime number?
True
Is 242989 composite?
False
Is 183851 a composite number?
True
Is 36973 a prime number?
True
Is 29101 a composite number?
False
Is 955721 a composite number?
True
Is 12379 a prime number?
True
Is 5623 a composite number?
False
Is 104294 a prime number?
False
Is 624683 a prime number?
True
Is 164873 a prime number?
False
Is 11197 composite?
False
Is 8609 a composite number?
False
Is 10369 prime?
True
Is 82921 composite?
True
Is 190319 prime?
False
Is 110429 a prime number?
False
Is 135637 prime?
True
Is 2741 a prime number?
True
Is 13201 a prime number?
False
Is 2